{"id":357,"date":"2016-06-18T20:34:16","date_gmt":"2016-06-18T18:34:16","guid":{"rendered":"https:\/\/www.ilhh.lu\/?page_id=357"},"modified":"2025-02-10T07:51:39","modified_gmt":"2025-02-10T06:51:39","slug":"seminare-in-der-hh","status":"publish","type":"page","link":"https:\/\/www.ilhh.lu\/?page_id=357","title":{"rendered":"Seminare in der Humanistischen Hypnose und Fortgeschrittene symbolische Therapie"},"content":{"rendered":"<div title=\"Page 5\">\n<p>Wir bieten Ihnen Ausbildungen, sowie individuelle und Gruppen Begleitungen an, welche Ihnen erm\u00f6glichen, Ihre innere Kr\u00e4fte und Ver\u00e4nderungsm\u00f6glichkeiten zu aktivieren. Wir m\u00f6chten mit Ihnen unsere Begeisterung f\u00fcr die Humanistische Hypnose, Stammbaumlehre, Zellged\u00e4chtnis, Epig\u00e9n\u00e9tik, Selbstentwicklung, energetisches Verst\u00e4ndnis und Eltern- Sch\u00fcler Betreuung teilen.<\/p>\n<p>Das h\u00f6here Bewusstsein, Ursprung von uns und allem was existiert, ist ein Verb\u00fcndeter welcher die Macht hat jegliche Schmerzen zu entfernen und viele Probleme zu l\u00f6sen, zu verwandeln.<br \/>\nDie Humanistische Hypnose ist DIE Technik, die Einzige, welche uns erm\u00f6glicht im h\u00f6heren Bewusstsein zu arbeiten und somit dessen Kr\u00e4fte zu entfachen. Keine Nebenwirkungen, jedoch alle Vorteile.<\/p>\n<p>Diese Ausbildung erm\u00f6glicht Ihnen die Kr\u00e4fte der Humanistischen Hypnose zu erleben, zu erlernen und anzuwenden. Sie werden diese Techniken lieben, welche zu Ihrer gr\u00f6\u00dften Verwandlung und das der Menschen denen Sie begegnen werden verhelfen werden.<\/p>\n<ul>\n<li><a href=\"https:\/\/www.ilhh.lu\/?page_id=359&amp;lang=de\">Weiter zum Programm und Preis der Seminare<\/a><\/li>\n<li>Termine und Einschreibungsformular <a href=\"https:\/\/www.ilhh.lu\/?page_id=694&amp;lang=de\">20<\/a><a href=\"https:\/\/www.ilhh.lu\/?page_id=694&amp;lang=de\">25<\/a><\/li>\n<\/ul>\n<p><a href=\"https:\/\/www.ilhh.lu\/?page_id=263&amp;lang=fr\"><em>Zu den Ausbildungen in Franz\u00f6sischer Sprache&nbsp;&#8211; vers les formations en langue fran\u00e7aise<\/em><\/a><\/p>\n<\/div>\n","protected":false},"excerpt":{"rendered":"<p>Wir bieten Ihnen Ausbildungen, sowie individuelle und Gruppen Begleitungen an, welche Ihnen erm\u00f6glichen, Ihre innere Kr\u00e4fte und Ver\u00e4nderungsm\u00f6glichkeiten zu aktivieren. Wir m\u00f6chten [&hellip;]<\/p>\n","protected":false},"author":1,"featured_media":0,"parent":0,"menu_order":0,"comment_status":"closed","ping_status":"closed","template":"page-templates\/page_fullwidth.php","meta":{"ngg_post_thumbnail":0,"footnotes":""},"class_list":["post-357","page","type-page","status-publish","hentry"],"yoast_head":"<!-- This site is optimized with the Yoast SEO plugin v27.4 - https:\/\/yoast.com\/product\/yoast-seo-wordpress\/ -->\n<title>Seminare in der Humanistischen Hypnose und Fortgeschrittene symbolische Therapie - ILHH<\/title>\n<meta name=\"description\" content=\"Diese Ausbildung erm\u00f6glicht Ihnen die Kompetenz das ganzheitliche Verst\u00e4ndnis des Menschen zu erlangen, von dem was sein Unwohlsein ausgel\u00f6st hat, sein Zellged\u00e4chtnis, die Epig\u00e9n\u00e9tik und ihr erlernt das g\u00f6ttliche Werkzeug das wir ben\u00f6tigen um ihn zu befreien, die Humanistischen Hypnose, einzige bewusste Hypnose welche auf der Ebene des h\u00f6heren Bewusstseins arbeitet, ohne Nebenwirkungen jedoch alle Vorteile.\" \/>\n<meta name=\"robots\" content=\"index, follow, max-snippet:-1, max-image-preview:large, max-video-preview:-1\" \/>\n<link rel=\"canonical\" href=\"https:\/\/www.ilhh.lu\/?page_id=357\" \/>\n<meta property=\"og:locale\" content=\"fr_FR\" \/>\n<meta property=\"og:type\" content=\"article\" \/>\n<meta property=\"og:title\" content=\"Seminare in der Humanistischen Hypnose und Fortgeschrittene symbolische Therapie - ILHH\" \/>\n<meta property=\"og:description\" content=\"Diese Ausbildung erm\u00f6glicht Ihnen die Kompetenz das ganzheitliche Verst\u00e4ndnis des Menschen zu erlangen, von dem was sein Unwohlsein ausgel\u00f6st hat, sein Zellged\u00e4chtnis, die Epig\u00e9n\u00e9tik und ihr erlernt das g\u00f6ttliche Werkzeug das wir ben\u00f6tigen um ihn zu befreien, die Humanistischen Hypnose, einzige bewusste Hypnose welche auf der Ebene des h\u00f6heren Bewusstseins arbeitet, ohne Nebenwirkungen jedoch alle Vorteile.\" \/>\n<meta property=\"og:url\" content=\"https:\/\/www.ilhh.lu\/?page_id=357\" \/>\n<meta property=\"og:site_name\" content=\"ILHH\" \/>\n<meta property=\"article:publisher\" content=\"http:\/\/www.fb.com\/ILHH\" \/>\n<meta property=\"article:modified_time\" content=\"2025-02-10T06:51:39+00:00\" \/>\n<meta name=\"twitter:card\" content=\"summary_large_image\" \/>\n<meta name=\"twitter:site\" content=\"@ilhh_lu\" \/>\n<meta name=\"twitter:label1\" content=\"Dur\u00e9e de lecture estim\u00e9e\" \/>\n\t<meta name=\"twitter:data1\" content=\"1 minute\" \/>\n<script type=\"application\/ld+json\" class=\"yoast-schema-graph\">{\"@context\":\"https:\\\/\\\/schema.org\",\"@graph\":[{\"@type\":\"WebPage\",\"@id\":\"https:\\\/\\\/www.ilhh.lu\\\/?page_id=357\",\"url\":\"https:\\\/\\\/www.ilhh.lu\\\/?page_id=357\",\"name\":\"Seminare in der Humanistischen Hypnose und Fortgeschrittene symbolische Therapie - ILHH\",\"isPartOf\":{\"@id\":\"https:\\\/\\\/www.ilhh.lu\\\/#website\"},\"datePublished\":\"2016-06-18T18:34:16+00:00\",\"dateModified\":\"2025-02-10T06:51:39+00:00\",\"description\":\"Diese Ausbildung erm\u00f6glicht Ihnen die Kompetenz das ganzheitliche Verst\u00e4ndnis des Menschen zu erlangen, von dem was sein Unwohlsein ausgel\u00f6st hat, sein Zellged\u00e4chtnis, die Epig\u00e9n\u00e9tik und ihr erlernt das g\u00f6ttliche Werkzeug das wir ben\u00f6tigen um ihn zu befreien, die Humanistischen Hypnose, einzige bewusste Hypnose welche auf der Ebene des h\u00f6heren Bewusstseins arbeitet, ohne Nebenwirkungen jedoch alle Vorteile.\",\"breadcrumb\":{\"@id\":\"https:\\\/\\\/www.ilhh.lu\\\/?page_id=357#breadcrumb\"},\"inLanguage\":\"fr-FR\",\"potentialAction\":[{\"@type\":\"ReadAction\",\"target\":[\"https:\\\/\\\/www.ilhh.lu\\\/?page_id=357\"]}]},{\"@type\":\"BreadcrumbList\",\"@id\":\"https:\\\/\\\/www.ilhh.lu\\\/?page_id=357#breadcrumb\",\"itemListElement\":[{\"@type\":\"ListItem\",\"position\":1,\"name\":\"Accueil\",\"item\":\"https:\\\/\\\/www.ilhh.lu\\\/\"},{\"@type\":\"ListItem\",\"position\":2,\"name\":\"Seminare in der Humanistischen Hypnose und Fortgeschrittene symbolische Therapie\"}]},{\"@type\":\"WebSite\",\"@id\":\"https:\\\/\\\/www.ilhh.lu\\\/#website\",\"url\":\"https:\\\/\\\/www.ilhh.lu\\\/\",\"name\":\"ILHH\",\"description\":\"the symbolic work\",\"publisher\":{\"@id\":\"https:\\\/\\\/www.ilhh.lu\\\/#organization\"},\"potentialAction\":[{\"@type\":\"SearchAction\",\"target\":{\"@type\":\"EntryPoint\",\"urlTemplate\":\"https:\\\/\\\/www.ilhh.lu\\\/?s={search_term_string}\"},\"query-input\":{\"@type\":\"PropertyValueSpecification\",\"valueRequired\":true,\"valueName\":\"search_term_string\"}}],\"inLanguage\":\"fr-FR\"},{\"@type\":\"Organization\",\"@id\":\"https:\\\/\\\/www.ilhh.lu\\\/#organization\",\"name\":\"Institut Luxembourgeois d'Hypnose Humaniste\",\"url\":\"https:\\\/\\\/www.ilhh.lu\\\/\",\"logo\":{\"@type\":\"ImageObject\",\"inLanguage\":\"fr-FR\",\"@id\":\"https:\\\/\\\/www.ilhh.lu\\\/#\\\/schema\\\/logo\\\/image\\\/\",\"url\":\"https:\\\/\\\/www.ilhh.lu\\\/wp-content\\\/uploads\\\/2016\\\/05\\\/Logo-ILHH-v1.0.png\",\"contentUrl\":\"https:\\\/\\\/www.ilhh.lu\\\/wp-content\\\/uploads\\\/2016\\\/05\\\/Logo-ILHH-v1.0.png\",\"width\":818,\"height\":953,\"caption\":\"Institut Luxembourgeois d'Hypnose Humaniste\"},\"image\":{\"@id\":\"https:\\\/\\\/www.ilhh.lu\\\/#\\\/schema\\\/logo\\\/image\\\/\"},\"sameAs\":[\"http:\\\/\\\/www.fb.com\\\/ILHH\",\"https:\\\/\\\/x.com\\\/ilhh_lu\"]}]}<\/script>\n<!-- \/ Yoast SEO plugin. -->","yoast_head_json":{"title":"Seminare in der Humanistischen Hypnose und Fortgeschrittene symbolische Therapie - ILHH","description":"Diese Ausbildung erm\u00f6glicht Ihnen die Kompetenz das ganzheitliche Verst\u00e4ndnis des Menschen zu erlangen, von dem was sein Unwohlsein ausgel\u00f6st hat, sein Zellged\u00e4chtnis, die Epig\u00e9n\u00e9tik und ihr erlernt das g\u00f6ttliche Werkzeug das wir ben\u00f6tigen um ihn zu befreien, die Humanistischen Hypnose, einzige bewusste Hypnose welche auf der Ebene des h\u00f6heren Bewusstseins arbeitet, ohne Nebenwirkungen jedoch alle Vorteile.","robots":{"index":"index","follow":"follow","max-snippet":"max-snippet:-1","max-image-preview":"max-image-preview:large","max-video-preview":"max-video-preview:-1"},"canonical":"https:\/\/www.ilhh.lu\/?page_id=357","og_locale":"fr_FR","og_type":"article","og_title":"Seminare in der Humanistischen Hypnose und Fortgeschrittene symbolische Therapie - ILHH","og_description":"Diese Ausbildung erm\u00f6glicht Ihnen die Kompetenz das ganzheitliche Verst\u00e4ndnis des Menschen zu erlangen, von dem was sein Unwohlsein ausgel\u00f6st hat, sein Zellged\u00e4chtnis, die Epig\u00e9n\u00e9tik und ihr erlernt das g\u00f6ttliche Werkzeug das wir ben\u00f6tigen um ihn zu befreien, die Humanistischen Hypnose, einzige bewusste Hypnose welche auf der Ebene des h\u00f6heren Bewusstseins arbeitet, ohne Nebenwirkungen jedoch alle Vorteile.","og_url":"https:\/\/www.ilhh.lu\/?page_id=357","og_site_name":"ILHH","article_publisher":"http:\/\/www.fb.com\/ILHH","article_modified_time":"2025-02-10T06:51:39+00:00","twitter_card":"summary_large_image","twitter_site":"@ilhh_lu","twitter_misc":{"Dur\u00e9e de lecture estim\u00e9e":"1 minute"},"schema":{"@context":"https:\/\/schema.org","@graph":[{"@type":"WebPage","@id":"https:\/\/www.ilhh.lu\/?page_id=357","url":"https:\/\/www.ilhh.lu\/?page_id=357","name":"Seminare in der Humanistischen Hypnose und Fortgeschrittene symbolische Therapie - ILHH","isPartOf":{"@id":"https:\/\/www.ilhh.lu\/#website"},"datePublished":"2016-06-18T18:34:16+00:00","dateModified":"2025-02-10T06:51:39+00:00","description":"Diese Ausbildung erm\u00f6glicht Ihnen die Kompetenz das ganzheitliche Verst\u00e4ndnis des Menschen zu erlangen, von dem was sein Unwohlsein ausgel\u00f6st hat, sein Zellged\u00e4chtnis, die Epig\u00e9n\u00e9tik und ihr erlernt das g\u00f6ttliche Werkzeug das wir ben\u00f6tigen um ihn zu befreien, die Humanistischen Hypnose, einzige bewusste Hypnose welche auf der Ebene des h\u00f6heren Bewusstseins arbeitet, ohne Nebenwirkungen jedoch alle Vorteile.","breadcrumb":{"@id":"https:\/\/www.ilhh.lu\/?page_id=357#breadcrumb"},"inLanguage":"fr-FR","potentialAction":[{"@type":"ReadAction","target":["https:\/\/www.ilhh.lu\/?page_id=357"]}]},{"@type":"BreadcrumbList","@id":"https:\/\/www.ilhh.lu\/?page_id=357#breadcrumb","itemListElement":[{"@type":"ListItem","position":1,"name":"Accueil","item":"https:\/\/www.ilhh.lu\/"},{"@type":"ListItem","position":2,"name":"Seminare in der Humanistischen Hypnose und Fortgeschrittene symbolische Therapie"}]},{"@type":"WebSite","@id":"https:\/\/www.ilhh.lu\/#website","url":"https:\/\/www.ilhh.lu\/","name":"ILHH","description":"the symbolic work","publisher":{"@id":"https:\/\/www.ilhh.lu\/#organization"},"potentialAction":[{"@type":"SearchAction","target":{"@type":"EntryPoint","urlTemplate":"https:\/\/www.ilhh.lu\/?s={search_term_string}"},"query-input":{"@type":"PropertyValueSpecification","valueRequired":true,"valueName":"search_term_string"}}],"inLanguage":"fr-FR"},{"@type":"Organization","@id":"https:\/\/www.ilhh.lu\/#organization","name":"Institut Luxembourgeois d'Hypnose Humaniste","url":"https:\/\/www.ilhh.lu\/","logo":{"@type":"ImageObject","inLanguage":"fr-FR","@id":"https:\/\/www.ilhh.lu\/#\/schema\/logo\/image\/","url":"https:\/\/www.ilhh.lu\/wp-content\/uploads\/2016\/05\/Logo-ILHH-v1.0.png","contentUrl":"https:\/\/www.ilhh.lu\/wp-content\/uploads\/2016\/05\/Logo-ILHH-v1.0.png","width":818,"height":953,"caption":"Institut Luxembourgeois d'Hypnose Humaniste"},"image":{"@id":"https:\/\/www.ilhh.lu\/#\/schema\/logo\/image\/"},"sameAs":["http:\/\/www.fb.com\/ILHH","https:\/\/x.com\/ilhh_lu"]}]}},"jetpack_sharing_enabled":true,"_links":{"self":[{"href":"https:\/\/www.ilhh.lu\/index.php?rest_route=\/wp\/v2\/pages\/357","targetHints":{"allow":["GET"]}}],"collection":[{"href":"https:\/\/www.ilhh.lu\/index.php?rest_route=\/wp\/v2\/pages"}],"about":[{"href":"https:\/\/www.ilhh.lu\/index.php?rest_route=\/wp\/v2\/types\/page"}],"author":[{"embeddable":true,"href":"https:\/\/www.ilhh.lu\/index.php?rest_route=\/wp\/v2\/users\/1"}],"replies":[{"embeddable":true,"href":"https:\/\/www.ilhh.lu\/index.php?rest_route=%2Fwp%2Fv2%2Fcomments&post=357"}],"version-history":[{"count":23,"href":"https:\/\/www.ilhh.lu\/index.php?rest_route=\/wp\/v2\/pages\/357\/revisions"}],"predecessor-version":[{"id":1778,"href":"https:\/\/www.ilhh.lu\/index.php?rest_route=\/wp\/v2\/pages\/357\/revisions\/1778"}],"wp:attachment":[{"href":"https:\/\/www.ilhh.lu\/index.php?rest_route=%2Fwp%2Fv2%2Fmedia&parent=357"}],"curies":[{"name":"wp","href":"https:\/\/api.w.org\/{rel}","templated":true}]}}