{"id":405,"date":"2016-06-19T15:54:24","date_gmt":"2016-06-19T13:54:24","guid":{"rendered":"https:\/\/www.ilhh.lu\/?page_id=405"},"modified":"2019-11-27T13:04:10","modified_gmt":"2019-11-27T12:04:10","slug":"a-propos","status":"publish","type":"page","link":"https:\/\/www.ilhh.lu\/?page_id=405","title":{"rendered":"A propos"},"content":{"rendered":"<p><img loading=\"lazy\" decoding=\"async\" class=\"alignleft wp-image-311\" src=\"https:\/\/www.ilhh.lu\/wp-content\/uploads\/2016\/06\/ILHH_-6-201x300.png\" width=\"200\" height=\"298\" srcset=\"https:\/\/www.ilhh.lu\/wp-content\/uploads\/2016\/06\/ILHH_-6-201x300.png 201w, https:\/\/www.ilhh.lu\/wp-content\/uploads\/2016\/06\/ILHH_-6-230x343.png 230w, https:\/\/www.ilhh.lu\/wp-content\/uploads\/2016\/06\/ILHH_-6-350x522.png 350w, https:\/\/www.ilhh.lu\/wp-content\/uploads\/2016\/06\/ILHH_-6.png 429w\" sizes=\"auto, (max-width: 200px) 100vw, 200px\" \/><\/p>\n<p>Dynamique et chaleureuse, Judith est une hypnoth\u00e9rapeute professionnelle et cr\u00e9ative.<br \/>\nC\u2019est une enseignante passionn\u00e9e qui sait transmettre ses connaissances avec plaisir et enthousiasme.<\/p>\n<p>Comme elle aime le dire : \u00ab L\u2019enseignement que je dispense aujourd\u2019hui, est LE FRUIT DE MA PASSION ! \u00ab<\/p>\n<p>Elle cumule de longues ann\u00e9es d\u2019exp\u00e9rience en d\u00e9veloppement personnel et en approches alternatives. Assoiff\u00e9e de connaissances, c\u2019est une enseignante passionn\u00e9e par l\u2019\u00eatre humain.<\/p>\n<p>Judith Schmit s\u2019int\u00e9resse aux travaux de scientifiques tels que&nbsp;Henri Laborit qui pr\u00e9conise :<br \/>\n\u00ab Pour qu\u2019il y ait \u00e9volution, il faut qu\u2019il y ait m\u00e9morisation \u00bb;<\/p>\n<p>Bruce Lipton :&nbsp;\u00ab Les perceptions, les pens\u00e9es et les croyances ont plus d\u2019impact sur la sant\u00e9 des gens que leurs g\u00e8nes \u00bb;&nbsp;et<\/p>\n<p>Albert Jacquard sur l\u2019\u00e9volution.<br \/>\nParlant l\u2019allemand couramment, elle a pu lire et \u00e9tudier, dans leurs textes originaux, des chercheurs allemands \u00e0 la pointe de l&rsquo;\u00e9volution.<\/p>\n<p>Elle a particip\u00e9 \u00e0 beaucoup de formations, mais ne retiendra que les plus puissantes et celles qui correspondront aux valeurs ainsi qu\u2019au but pr\u00e9cis recherch\u00e9, guider vers un \u00e9quilibre et un bien \u00eatre rapide en utilisant un savoir-faire respectueux et agr\u00e9able \u00e0 vivre.<br \/>\nIl y a 20 ans elle a \u00e9t\u00e9 form\u00e9e \u00e0 l\u2019alimentation compl\u00e8te et vitale dans l\u2019institut du Dr Max Otto Bruker, hygi\u00e8ne de vie qu\u2019elle suit et transmet au quotidien.<\/p>\n<p>Avec Josy Kromer, en fran\u00e7ais et avec des enseignants autrichiens et allemands, en langue allemande, elle s\u2019est form\u00e9e depuis plus de 25 ans, \u00e0 la compr\u00e9hension de la manifestation de la Vie qu\u2019on appelle les maladies.<\/p>\n<p>Dipl\u00f4m\u00e9e en PNL avec Michelle-Jeanne Noel, elle \u00e9tait \u00e0 la recherche de la parole, ainsi que de l\u2019\u00e9coute &nbsp;\u00ab juste! \u00bb et respectueuse ainsi que d\u2019une certaine approche de la compr\u00e9hension du fonctionnement du cerveau. Notre fa\u00e7on de nous exprimer est primordiale car un mot peut tuer, comme un mot peut sauver, un \u00eatre humain.<\/p>\n<p>Passionn\u00e9e d\u2019\u00e9thologie (\u00e9tude du comportement animal) et du trans-g\u00e9n\u00e9rationnel, m\u00e9moire cellulaire et \u00e9pig\u00e9n\u00e9tique, Judith Schmit a rassembl\u00e9 les disciplines les plus compl\u00e9mentaires, \u00e9l\u00e9mentaires et efficaces en mati\u00e8re de bien \u00eatre \u00e0 tous les niveaux.<\/p>\n<p>Quelques disciplines seront<\/p>\n<ul>\n<li>la compr\u00e9hension de la manifestation de la Vie qu\u2019on appelle les maladies, m\u00e9moire cellulaire et \u00e9pig\u00e9n\u00e9tique avec Josy Kromer<\/li>\n<li>la PNL avec Michelle-Jeanne Noel<\/li>\n<li>&nbsp;Afin d\u2019\u00e9toffer son coffre \u00e0 outils pour soigner les racine&nbsp;du mal-\u00eatre elle s\u2019est form\u00e9e<\/li>\n<li>en Hypnose Ericksonienne et Classique \u00e0 l\u2019<a href=\"http:\/\/IFHE.com\" target=\"_blank\" rel=\"noopener noreferrer\">IFHE.com<\/a><\/li>\n<li>la th\u00e9rapie par les Fleurs de Bach avec V\u00e9ronique Heynen-Rademakers<\/li>\n<\/ul>\n<p>Toutefois l\u2019apoth\u00e9ose de ce parcours a sans nul doute \u00e9t\u00e9 la rencontre avec l\u2019Hypnose Humaniste invent\u00e9e par Olivier Lockert en 2001.<br \/>\nJudith Schmit comprendra rapidement l\u2019importance de ce travail qui se pratique au niveau de la Grande Conscience, donc au niveau de l\u2019information, origine de toute chose. Ceci sera la clef de vo\u00fbte, la derni\u00e8re pi\u00e8ce si jamais il y a une fin, de son travail de recherche vers un bien-\u00eatre, \u00e9quilibre aussi bien physique que dans le quotidien.<\/p>\n<p>Elle deviendra une des premi\u00e8res enseignantes en cette mati\u00e8re unique et transcendantale afin de permettre aux germanophones de se former \u00e0 cet art.<br \/>\nEnseignante en Hypnose Humaniste et Th\u00e9rapie Symbolique Avanc\u00e9e de l\u2019IFHE.com, form\u00e9e par Olivier Lockert et Patricia d\u2019Angeli, elle \u00e9tait \u00e0 la recherche d\u2019outils tout aussi respectueux que agr\u00e9able \u00e0 vivre pour le client.<\/p>\n<p>La pratique de l\u2019Hypnose Humaniste, d\u00e9finit le guide dans ces termes :<\/p>\n<p>\u00abLe guide ne peut jamais gu\u00e9rir son client. Cela voudrait dire qu\u2019il&nbsp;aurait un pouvoir sur celui-ci. Son r\u00f4le est de l\u2019accompagner et ainsi lui permettre de trouver SA solution. N\u00e9anmoins, conna\u00eetre la route et les diff\u00e9rents moyens de transport sont utiles et n\u00e9cessaire afin de mener son client \u00e0 bon port, le sien !\u00bb<\/p>\n<p>L\u2019\u00e9coute et la parole sont des outils primordiaux. Respectueux et juste, comme le dit si bien Jacques Salom\u00e9, \u00ab Ecouter quelqu\u2019un, c\u2019est lui permettre d\u2019entendre ce qu\u2019il dit \u00bb.<br \/>\nPar la compr\u00e9hension du mal-\u00eatre dont se plaint le client, et \u00e9tape cruciale par les techniques de l\u2019Hypnose Humaniste il est possible de soigner les racines du mal, sans le revivre, car la Grande Conscience, niveau dans lequel nous travaillons, s\u2019exprime par des symboles. Nous travaillons, manipulons donc des symboles pour soigner les blessures profondes et nous ne travaillons pas dans le contenu de l&rsquo;histoire ou du trauma.<\/p>\n<p>Le principe primordial dans son travail et de la recherche de Judith, \u00e9tait et sera toujours:<br \/>\n\u00a0\u00bb Il ne faut pas re-vivre la souffrance pour pouvoir s&rsquo;en d\u00e9barrasser\u00a0\u00bb. En aucun cas !<br \/>\nL\u2019Hypnose Humaniste en est la preuve !<\/p>\n<p>Judith Schmit a accompagn\u00e9 pendant de longues ann\u00e9es beaucoup de personnes souffrantes, avec un succ\u00e8s et une efficacit\u00e9 qui n\u2019ont d\u2019\u00e9gal que sa modestie. Infatigable travailleuse, elle se retourne sans cesse aux travaux des diff\u00e9rents chercheurs qui ont inspir\u00e9 et guid\u00e9 sa pratique. Cette exp\u00e9rience de terrain fait de cette femme une r\u00e9f\u00e9rence incontournable pour tout th\u00e9rapeute soucieux d\u2019am\u00e9liorer sa pratique de mani\u00e8re significative.<\/p>\n","protected":false},"excerpt":{"rendered":"<p>Dynamique et chaleureuse, Judith est une hypnoth\u00e9rapeute professionnelle et cr\u00e9ative. C\u2019est une enseignante passionn\u00e9e qui sait transmettre ses connaissances avec plaisir et [&hellip;]<\/p>\n","protected":false},"author":1,"featured_media":0,"parent":0,"menu_order":0,"comment_status":"closed","ping_status":"closed","template":"page-templates\/page_fullwidth.php","meta":{"ngg_post_thumbnail":0,"footnotes":""},"class_list":["post-405","page","type-page","status-publish","hentry"],"yoast_head":"<!-- This site is optimized with the Yoast SEO plugin v27.4 - https:\/\/yoast.com\/product\/yoast-seo-wordpress\/ -->\n<title>A propos - ILHH<\/title>\n<meta name=\"description\" content=\"Cette formation va vous permettre de d\u00e9velopper votre puissance dans la compr\u00e9hension hollistique de l&#039;\u00eatre humain, de ce qui cr\u00e9e ses mal-\u00eatres, sa m\u00e9moire cellulaire, l&#039;\u00e9pig\u00e9n\u00e9tique ainsi que l&#039;outil phare utilis\u00e9 pour le lib\u00e9rer, l&#039;Hypnose Humaniste, seule hypnose consciente travaillant en Grande Conscience, sans aucune contre-indication mais plein de b\u00e9n\u00e9fices\" \/>\n<meta name=\"robots\" content=\"index, follow, max-snippet:-1, max-image-preview:large, max-video-preview:-1\" \/>\n<link rel=\"canonical\" href=\"https:\/\/www.ilhh.lu\/?page_id=405\" \/>\n<meta property=\"og:locale\" content=\"fr_FR\" \/>\n<meta property=\"og:type\" content=\"article\" \/>\n<meta property=\"og:title\" content=\"A propos - ILHH\" \/>\n<meta property=\"og:description\" content=\"Cette formation va vous permettre de d\u00e9velopper votre puissance dans la compr\u00e9hension hollistique de l&#039;\u00eatre humain, de ce qui cr\u00e9e ses mal-\u00eatres, sa m\u00e9moire cellulaire, l&#039;\u00e9pig\u00e9n\u00e9tique ainsi que l&#039;outil phare utilis\u00e9 pour le lib\u00e9rer, l&#039;Hypnose Humaniste, seule hypnose consciente travaillant en Grande Conscience, sans aucune contre-indication mais plein de b\u00e9n\u00e9fices\" \/>\n<meta property=\"og:url\" content=\"https:\/\/www.ilhh.lu\/?page_id=405\" \/>\n<meta property=\"og:site_name\" content=\"ILHH\" \/>\n<meta property=\"article:publisher\" content=\"http:\/\/www.fb.com\/ILHH\" \/>\n<meta property=\"article:modified_time\" content=\"2019-11-27T12:04:10+00:00\" \/>\n<meta property=\"og:image\" content=\"https:\/\/www.ilhh.lu\/wp-content\/uploads\/2016\/06\/ILHH_-6-201x300.png\" \/>\n<meta name=\"twitter:card\" content=\"summary_large_image\" \/>\n<meta name=\"twitter:site\" content=\"@ilhh_lu\" \/>\n<meta name=\"twitter:label1\" content=\"Dur\u00e9e de lecture estim\u00e9e\" \/>\n\t<meta name=\"twitter:data1\" content=\"4 minutes\" \/>\n<script type=\"application\/ld+json\" class=\"yoast-schema-graph\">{\"@context\":\"https:\\\/\\\/schema.org\",\"@graph\":[{\"@type\":\"WebPage\",\"@id\":\"https:\\\/\\\/www.ilhh.lu\\\/?page_id=405\",\"url\":\"https:\\\/\\\/www.ilhh.lu\\\/?page_id=405\",\"name\":\"A propos - ILHH\",\"isPartOf\":{\"@id\":\"https:\\\/\\\/www.ilhh.lu\\\/#website\"},\"primaryImageOfPage\":{\"@id\":\"https:\\\/\\\/www.ilhh.lu\\\/?page_id=405#primaryimage\"},\"image\":{\"@id\":\"https:\\\/\\\/www.ilhh.lu\\\/?page_id=405#primaryimage\"},\"thumbnailUrl\":\"https:\\\/\\\/www.ilhh.lu\\\/wp-content\\\/uploads\\\/2016\\\/06\\\/ILHH_-6-201x300.png\",\"datePublished\":\"2016-06-19T13:54:24+00:00\",\"dateModified\":\"2019-11-27T12:04:10+00:00\",\"description\":\"Cette formation va vous permettre de d\u00e9velopper votre puissance dans la compr\u00e9hension hollistique de l'\u00eatre humain, de ce qui cr\u00e9e ses mal-\u00eatres, sa m\u00e9moire cellulaire, l'\u00e9pig\u00e9n\u00e9tique ainsi que l'outil phare utilis\u00e9 pour le lib\u00e9rer, l'Hypnose Humaniste, seule hypnose consciente travaillant en Grande Conscience, sans aucune contre-indication mais plein de b\u00e9n\u00e9fices\",\"breadcrumb\":{\"@id\":\"https:\\\/\\\/www.ilhh.lu\\\/?page_id=405#breadcrumb\"},\"inLanguage\":\"fr-FR\",\"potentialAction\":[{\"@type\":\"ReadAction\",\"target\":[\"https:\\\/\\\/www.ilhh.lu\\\/?page_id=405\"]}]},{\"@type\":\"ImageObject\",\"inLanguage\":\"fr-FR\",\"@id\":\"https:\\\/\\\/www.ilhh.lu\\\/?page_id=405#primaryimage\",\"url\":\"https:\\\/\\\/www.ilhh.lu\\\/wp-content\\\/uploads\\\/2016\\\/06\\\/ILHH_-6.png\",\"contentUrl\":\"https:\\\/\\\/www.ilhh.lu\\\/wp-content\\\/uploads\\\/2016\\\/06\\\/ILHH_-6.png\",\"width\":429,\"height\":640,\"caption\":\"Judith\"},{\"@type\":\"BreadcrumbList\",\"@id\":\"https:\\\/\\\/www.ilhh.lu\\\/?page_id=405#breadcrumb\",\"itemListElement\":[{\"@type\":\"ListItem\",\"position\":1,\"name\":\"Accueil\",\"item\":\"https:\\\/\\\/www.ilhh.lu\\\/\"},{\"@type\":\"ListItem\",\"position\":2,\"name\":\"A propos\"}]},{\"@type\":\"WebSite\",\"@id\":\"https:\\\/\\\/www.ilhh.lu\\\/#website\",\"url\":\"https:\\\/\\\/www.ilhh.lu\\\/\",\"name\":\"ILHH\",\"description\":\"the symbolic work\",\"publisher\":{\"@id\":\"https:\\\/\\\/www.ilhh.lu\\\/#organization\"},\"potentialAction\":[{\"@type\":\"SearchAction\",\"target\":{\"@type\":\"EntryPoint\",\"urlTemplate\":\"https:\\\/\\\/www.ilhh.lu\\\/?s={search_term_string}\"},\"query-input\":{\"@type\":\"PropertyValueSpecification\",\"valueRequired\":true,\"valueName\":\"search_term_string\"}}],\"inLanguage\":\"fr-FR\"},{\"@type\":\"Organization\",\"@id\":\"https:\\\/\\\/www.ilhh.lu\\\/#organization\",\"name\":\"Institut Luxembourgeois d'Hypnose Humaniste\",\"url\":\"https:\\\/\\\/www.ilhh.lu\\\/\",\"logo\":{\"@type\":\"ImageObject\",\"inLanguage\":\"fr-FR\",\"@id\":\"https:\\\/\\\/www.ilhh.lu\\\/#\\\/schema\\\/logo\\\/image\\\/\",\"url\":\"https:\\\/\\\/www.ilhh.lu\\\/wp-content\\\/uploads\\\/2016\\\/05\\\/Logo-ILHH-v1.0.png\",\"contentUrl\":\"https:\\\/\\\/www.ilhh.lu\\\/wp-content\\\/uploads\\\/2016\\\/05\\\/Logo-ILHH-v1.0.png\",\"width\":818,\"height\":953,\"caption\":\"Institut Luxembourgeois d'Hypnose Humaniste\"},\"image\":{\"@id\":\"https:\\\/\\\/www.ilhh.lu\\\/#\\\/schema\\\/logo\\\/image\\\/\"},\"sameAs\":[\"http:\\\/\\\/www.fb.com\\\/ILHH\",\"https:\\\/\\\/x.com\\\/ilhh_lu\"]}]}<\/script>\n<!-- \/ Yoast SEO plugin. -->","yoast_head_json":{"title":"A propos - ILHH","description":"Cette formation va vous permettre de d\u00e9velopper votre puissance dans la compr\u00e9hension hollistique de l'\u00eatre humain, de ce qui cr\u00e9e ses mal-\u00eatres, sa m\u00e9moire cellulaire, l'\u00e9pig\u00e9n\u00e9tique ainsi que l'outil phare utilis\u00e9 pour le lib\u00e9rer, l'Hypnose Humaniste, seule hypnose consciente travaillant en Grande Conscience, sans aucune contre-indication mais plein de b\u00e9n\u00e9fices","robots":{"index":"index","follow":"follow","max-snippet":"max-snippet:-1","max-image-preview":"max-image-preview:large","max-video-preview":"max-video-preview:-1"},"canonical":"https:\/\/www.ilhh.lu\/?page_id=405","og_locale":"fr_FR","og_type":"article","og_title":"A propos - ILHH","og_description":"Cette formation va vous permettre de d\u00e9velopper votre puissance dans la compr\u00e9hension hollistique de l'\u00eatre humain, de ce qui cr\u00e9e ses mal-\u00eatres, sa m\u00e9moire cellulaire, l'\u00e9pig\u00e9n\u00e9tique ainsi que l'outil phare utilis\u00e9 pour le lib\u00e9rer, l'Hypnose Humaniste, seule hypnose consciente travaillant en Grande Conscience, sans aucune contre-indication mais plein de b\u00e9n\u00e9fices","og_url":"https:\/\/www.ilhh.lu\/?page_id=405","og_site_name":"ILHH","article_publisher":"http:\/\/www.fb.com\/ILHH","article_modified_time":"2019-11-27T12:04:10+00:00","og_image":[{"url":"https:\/\/www.ilhh.lu\/wp-content\/uploads\/2016\/06\/ILHH_-6-201x300.png","type":"","width":"","height":""}],"twitter_card":"summary_large_image","twitter_site":"@ilhh_lu","twitter_misc":{"Dur\u00e9e de lecture estim\u00e9e":"4 minutes"},"schema":{"@context":"https:\/\/schema.org","@graph":[{"@type":"WebPage","@id":"https:\/\/www.ilhh.lu\/?page_id=405","url":"https:\/\/www.ilhh.lu\/?page_id=405","name":"A propos - ILHH","isPartOf":{"@id":"https:\/\/www.ilhh.lu\/#website"},"primaryImageOfPage":{"@id":"https:\/\/www.ilhh.lu\/?page_id=405#primaryimage"},"image":{"@id":"https:\/\/www.ilhh.lu\/?page_id=405#primaryimage"},"thumbnailUrl":"https:\/\/www.ilhh.lu\/wp-content\/uploads\/2016\/06\/ILHH_-6-201x300.png","datePublished":"2016-06-19T13:54:24+00:00","dateModified":"2019-11-27T12:04:10+00:00","description":"Cette formation va vous permettre de d\u00e9velopper votre puissance dans la compr\u00e9hension hollistique de l'\u00eatre humain, de ce qui cr\u00e9e ses mal-\u00eatres, sa m\u00e9moire cellulaire, l'\u00e9pig\u00e9n\u00e9tique ainsi que l'outil phare utilis\u00e9 pour le lib\u00e9rer, l'Hypnose Humaniste, seule hypnose consciente travaillant en Grande Conscience, sans aucune contre-indication mais plein de b\u00e9n\u00e9fices","breadcrumb":{"@id":"https:\/\/www.ilhh.lu\/?page_id=405#breadcrumb"},"inLanguage":"fr-FR","potentialAction":[{"@type":"ReadAction","target":["https:\/\/www.ilhh.lu\/?page_id=405"]}]},{"@type":"ImageObject","inLanguage":"fr-FR","@id":"https:\/\/www.ilhh.lu\/?page_id=405#primaryimage","url":"https:\/\/www.ilhh.lu\/wp-content\/uploads\/2016\/06\/ILHH_-6.png","contentUrl":"https:\/\/www.ilhh.lu\/wp-content\/uploads\/2016\/06\/ILHH_-6.png","width":429,"height":640,"caption":"Judith"},{"@type":"BreadcrumbList","@id":"https:\/\/www.ilhh.lu\/?page_id=405#breadcrumb","itemListElement":[{"@type":"ListItem","position":1,"name":"Accueil","item":"https:\/\/www.ilhh.lu\/"},{"@type":"ListItem","position":2,"name":"A propos"}]},{"@type":"WebSite","@id":"https:\/\/www.ilhh.lu\/#website","url":"https:\/\/www.ilhh.lu\/","name":"ILHH","description":"the symbolic work","publisher":{"@id":"https:\/\/www.ilhh.lu\/#organization"},"potentialAction":[{"@type":"SearchAction","target":{"@type":"EntryPoint","urlTemplate":"https:\/\/www.ilhh.lu\/?s={search_term_string}"},"query-input":{"@type":"PropertyValueSpecification","valueRequired":true,"valueName":"search_term_string"}}],"inLanguage":"fr-FR"},{"@type":"Organization","@id":"https:\/\/www.ilhh.lu\/#organization","name":"Institut Luxembourgeois d'Hypnose Humaniste","url":"https:\/\/www.ilhh.lu\/","logo":{"@type":"ImageObject","inLanguage":"fr-FR","@id":"https:\/\/www.ilhh.lu\/#\/schema\/logo\/image\/","url":"https:\/\/www.ilhh.lu\/wp-content\/uploads\/2016\/05\/Logo-ILHH-v1.0.png","contentUrl":"https:\/\/www.ilhh.lu\/wp-content\/uploads\/2016\/05\/Logo-ILHH-v1.0.png","width":818,"height":953,"caption":"Institut Luxembourgeois d'Hypnose Humaniste"},"image":{"@id":"https:\/\/www.ilhh.lu\/#\/schema\/logo\/image\/"},"sameAs":["http:\/\/www.fb.com\/ILHH","https:\/\/x.com\/ilhh_lu"]}]}},"jetpack_sharing_enabled":true,"_links":{"self":[{"href":"https:\/\/www.ilhh.lu\/index.php?rest_route=\/wp\/v2\/pages\/405","targetHints":{"allow":["GET"]}}],"collection":[{"href":"https:\/\/www.ilhh.lu\/index.php?rest_route=\/wp\/v2\/pages"}],"about":[{"href":"https:\/\/www.ilhh.lu\/index.php?rest_route=\/wp\/v2\/types\/page"}],"author":[{"embeddable":true,"href":"https:\/\/www.ilhh.lu\/index.php?rest_route=\/wp\/v2\/users\/1"}],"replies":[{"embeddable":true,"href":"https:\/\/www.ilhh.lu\/index.php?rest_route=%2Fwp%2Fv2%2Fcomments&post=405"}],"version-history":[{"count":5,"href":"https:\/\/www.ilhh.lu\/index.php?rest_route=\/wp\/v2\/pages\/405\/revisions"}],"predecessor-version":[{"id":1712,"href":"https:\/\/www.ilhh.lu\/index.php?rest_route=\/wp\/v2\/pages\/405\/revisions\/1712"}],"wp:attachment":[{"href":"https:\/\/www.ilhh.lu\/index.php?rest_route=%2Fwp%2Fv2%2Fmedia&parent=405"}],"curies":[{"name":"wp","href":"https:\/\/api.w.org\/{rel}","templated":true}]}}