{"id":448,"date":"2016-06-20T13:34:55","date_gmt":"2016-06-20T11:34:55","guid":{"rendered":"https:\/\/www.ilhh.lu\/?page_id=448"},"modified":"2019-12-17T08:05:01","modified_gmt":"2019-12-17T07:05:01","slug":"adresses-de-nos-praticiens","status":"publish","type":"page","link":"https:\/\/www.ilhh.lu\/?page_id=448","title":{"rendered":"Nos Praticiens"},"content":{"rendered":"<p>Retrouvez les noms et contacts de nos ma\u00eetre-praticiens dipl\u00f4m\u00e9(e)s en Hypnose Humaniste et Th\u00e9rapie symbolique avanc\u00e9e par l&rsquo;ILHH. Veuillez remplacer le \u00ab\u00a0at\u00a0\u00bb par le symbole @ dans la rubrique Courriel.<\/p>\n<table class=\" aligncenter\" style=\"height: 100%; width: 100%; border-color: #000000; border-style: solid; background-color: #facc37;\" cellspacing=\"0\" cellpadding=\"0\">\n<tbody>\n<tr style=\"height: 24px;\">\n<td style=\"width: 18.90371159309021%; height: 24px;\" colspan=\"2\" valign=\"middle\"><span style=\"color: #333333; font-family: Arial; font-size: medium;\"><b>Nom<\/b><\/span><\/td>\n<td style=\"width: 14.43461727447217%; height: 24px;\" valign=\"middle\"><span style=\"color: #333333; font-family: Arial; font-size: medium;\"><b>T\u00e9l\u00e9phone<\/b><\/span><\/td>\n<td style=\"width: 1.1421611324376193%; height: 24px;\" valign=\"middle\"><span style=\"color: #333333; font-family: Arial; font-size: medium;\"><b>Langue(s)<\/b><\/span><\/td>\n<td style=\"width: 23.022779462571975%; height: 24px;\" valign=\"middle\"><span style=\"color: #333333; font-family: Arial; font-size: medium;\"><b>Courriel<\/b><\/span><\/td>\n<td style=\"width: 11.535508637236086%; height: 24px;\" valign=\"middle\"><span style=\"color: #333333; font-family: Arial; font-size: medium;\"><b>Localit\u00e9<\/b><\/span><\/td>\n<td style=\"width: 2.5845619001919387%; height: 24px; text-align: center;\"><span style=\"color: #333333; font-family: Arial; font-size: medium;\"><b>Superviseur<\/b><\/span><\/td>\n<\/tr>\n<tr style=\"height: 24px;\">\n<td style=\"width: 8.249125086372361%; height: 24px;\">St\u00e9phanie<\/td>\n<td style=\"width: 10.65458650671785%; height: 24px;\">Engler<\/td>\n<td style=\"width: 14.43461727447217%; height: 24px;\">+352 621 506 986<\/td>\n<td style=\"width: 1.1421611324376193%; height: 24px;\">L,F,D,UK<\/td>\n<td style=\"width: 23.022779462571975%; height: 24px;\"><span data-ft=\"{&quot;tn&quot;:&quot;K&quot;}\"><span class=\"UFICommentBody _1n4g\">steffi.engler7&Prime;at\u00a0\u00bbgmail.com<\/span><\/span><\/td>\n<td style=\"width: 11.535508637236086%; height: 24px;\">Frisange<\/td>\n<td style=\"width: 2.5845619001919387%; height: 24px; text-align: center;\">X<\/td>\n<\/tr>\n<tr style=\"height: 24px;\">\n<td style=\"width: 8.249125086372361%; height: 24px;\" valign=\"middle\">G\u00e9raldine<\/td>\n<td style=\"width: 10.65458650671785%; height: 24px;\" valign=\"middle\">Lollier<\/td>\n<td style=\"width: 14.43461727447217%; height: 24px;\" valign=\"middle\">+32 473 621 399<\/td>\n<td style=\"width: 1.1421611324376193%; height: 24px;\" valign=\"middle\">F<\/td>\n<td style=\"width: 23.022779462571975%; height: 24px;\" valign=\"middle\">lolote.38<span data-ft=\"{&quot;tn&quot;:&quot;K&quot;}\"><span class=\"UFICommentBody _1n4g\">\u00ab\u00a0at\u00a0\u00bb<\/span><\/span>hotmail.com<\/td>\n<td style=\"width: 11.535508637236086%; height: 24px;\" valign=\"middle\">Meix-le-Tige (B)<\/td>\n<td style=\"width: 2.5845619001919387%; height: 24px; text-align: center;\">X<\/td>\n<\/tr>\n<tr style=\"height: 24px;\">\n<td style=\"width: 8.249125086372361%; height: 24px;\" valign=\"middle\">Dewalque<\/td>\n<td style=\"width: 10.65458650671785%; height: 24px;\" valign=\"middle\">Myriam<\/td>\n<td style=\"width: 14.43461727447217%; height: 24px;\" valign=\"middle\">+352 621 370 244<\/td>\n<td style=\"width: 1.1421611324376193%; height: 24px;\" valign=\"middle\">L,F,D<\/td>\n<td style=\"width: 23.022779462571975%; height: 24px;\" valign=\"middle\">mdewalqu<span data-ft=\"{&quot;tn&quot;:&quot;K&quot;}\"><span class=\"UFICommentBody _1n4g\">\u00ab\u00a0at\u00a0\u00bb<\/span><\/span>pt.lu<\/td>\n<td style=\"width: 11.535508637236086%; height: 24px;\" valign=\"middle\">Reckange-Mess<\/td>\n<td style=\"width: 2.5845619001919387%; height: 24px; text-align: center;\">X<\/td>\n<\/tr>\n<tr style=\"height: 24px;\">\n<td style=\"width: 8.249125086372361%; height: 24px;\" valign=\"middle\">Natascha<\/td>\n<td style=\"width: 10.65458650671785%; height: 24px;\" valign=\"middle\">Stelmes<\/td>\n<td style=\"width: 14.43461727447217%; height: 24px;\" valign=\"middle\">+352 691 197 811<\/td>\n<td style=\"width: 1.1421611324376193%; height: 24px;\" valign=\"middle\">L,D<\/td>\n<td style=\"width: 23.022779462571975%; height: 24px;\" valign=\"middle\">natascha.stelmes<span data-ft=\"{&quot;tn&quot;:&quot;K&quot;}\"><span class=\"UFICommentBody _1n4g\">\u00ab\u00a0at\u00a0\u00bb<\/span><\/span>icloud.com<\/td>\n<td style=\"width: 11.535508637236086%; height: 24px;\" valign=\"middle\">Insenborn<\/td>\n<td style=\"width: 2.5845619001919387%; height: 24px; text-align: center;\">X<\/td>\n<\/tr>\n<tr style=\"height: 24px;\">\n<td style=\"width: 8.249125086372361%; height: 24px;\" valign=\"middle\">Nathalie<\/td>\n<td style=\"width: 10.65458650671785%; height: 24px;\" valign=\"middle\">Schettino<\/td>\n<td style=\"width: 14.43461727447217%; height: 24px;\" valign=\"middle\">+352 671 200 804<\/td>\n<td style=\"width: 1.1421611324376193%; height: 24px;\" valign=\"middle\">L,F,D,UK<\/td>\n<td style=\"width: 23.022779462571975%; height: 24px;\" valign=\"middle\">nathalie<span data-ft=\"{&quot;tn&quot;:&quot;K&quot;}\"><span class=\"UFICommentBody _1n4g\">\u00ab\u00a0at\u00a0\u00bb<\/span><\/span>schettino.lu<\/td>\n<td style=\"width: 11.535508637236086%; height: 24px;\" valign=\"middle\">Imbringen<\/td>\n<td style=\"width: 2.5845619001919387%; height: 24px; text-align: center;\">X<\/td>\n<\/tr>\n<tr style=\"height: 24px;\">\n<td style=\"width: 8.249125086372361%; height: 24px;\" valign=\"middle\">Flammang<\/td>\n<td style=\"width: 10.65458650671785%; height: 24px;\" valign=\"middle\">Tanja<\/td>\n<td style=\"width: 14.43461727447217%; height: 24px;\" valign=\"middle\">+352 691 720 054<\/td>\n<td style=\"width: 1.1421611324376193%; height: 24px;\" valign=\"middle\">L,D,F<\/td>\n<td style=\"width: 23.022779462571975%; height: 24px;\" valign=\"middle\">tanjaflammang<span data-ft=\"{&quot;tn&quot;:&quot;K&quot;}\"><span class=\"UFICommentBody _1n4g\">\u00ab\u00a0at\u00a0\u00bb<\/span><\/span>cloud.com<\/td>\n<td style=\"width: 11.535508637236086%; height: 24px;\" valign=\"middle\">Wiltz<\/td>\n<td style=\"width: 2.5845619001919387%; height: 24px; text-align: center;\">X<\/td>\n<\/tr>\n<tr style=\"height: 24px;\">\n<td style=\"width: 8.249125086372361%; height: 24px;\" valign=\"middle\">Remacle<\/td>\n<td style=\"width: 10.65458650671785%; height: 24px;\" valign=\"middle\">Cathy<\/td>\n<td style=\"width: 14.43461727447217%; height: 24px;\" valign=\"middle\">+352 691 415 777<\/td>\n<td style=\"width: 1.1421611324376193%; height: 24px;\" valign=\"middle\">L,F<\/td>\n<td style=\"width: 23.022779462571975%; height: 24px;\" valign=\"middle\">cremacle<span data-ft=\"{&quot;tn&quot;:&quot;K&quot;}\"><span class=\"UFICommentBody _1n4g\">\u00ab\u00a0at\u00a0\u00bb<\/span><\/span>pt.lu<\/td>\n<td style=\"width: 11.535508637236086%; height: 24px;\" valign=\"middle\">Wiltz<\/td>\n<td style=\"width: 2.5845619001919387%; height: 24px; text-align: center;\">&nbsp;<\/td>\n<\/tr>\n<tr style=\"height: 24px;\">\n<td style=\"width: 8.249125086372361%; height: 24px;\" valign=\"middle\">Hecker<\/td>\n<td style=\"width: 10.65458650671785%; height: 24px;\" valign=\"middle\">Marie-Laure<\/td>\n<td style=\"width: 14.43461727447217%; height: 24px;\" valign=\"middle\">+33 69 833 52 93<\/td>\n<td style=\"width: 1.1421611324376193%; height: 24px;\" valign=\"middle\">F<\/td>\n<td style=\"width: 23.022779462571975%; height: 24px;\" valign=\"middle\">marielaure.hecker<span data-ft=\"{&quot;tn&quot;:&quot;K&quot;}\"><span class=\"UFICommentBody _1n4g\">\u00ab\u00a0at\u00a0\u00bb<\/span><\/span>gmail.com<\/td>\n<td style=\"width: 11.535508637236086%; height: 24px;\" valign=\"middle\">Lyon (FR)<\/td>\n<td style=\"width: 2.5845619001919387%; height: 24px; text-align: center;\">&nbsp;<\/td>\n<\/tr>\n<tr style=\"height: 24px;\">\n<td style=\"width: 8.249125086372361%; height: 24px;\">Sutil<\/td>\n<td style=\"width: 10.65458650671785%; height: 24px;\">Christ\u00e8le<\/td>\n<td style=\"width: 14.43461727447217%; height: 24px;\">+352 621262677<\/td>\n<td style=\"width: 1.1421611324376193%; height: 24px;\">F<\/td>\n<td style=\"width: 23.022779462571975%; height: 24px;\">christelle.sutil<span data-ft=\"{&quot;tn&quot;:&quot;K&quot;}\"><span class=\"UFICommentBody _1n4g\">\u00ab\u00a0at\u00a0\u00bb<\/span><\/span>club-internet.fr<\/td>\n<td style=\"width: 11.535508637236086%; height: 24px;\">Kirchberg<\/td>\n<td style=\"width: 2.5845619001919387%; height: 24px; text-align: center;\">&nbsp;<\/td>\n<\/tr>\n<\/tbody>\n<\/table>\n<hr>\n<pre>L\u00e9gende&nbsp;:\r\n\r\nL = Luxembourgeois \u2022 F = Fran\u00e7ais&nbsp;\u2022 D = Allemand&nbsp;\u2022 UK = Anglais&nbsp;\u2022 ES = Esapgnol&nbsp;\u2022 PT = Portugais&nbsp;\u2022 I =&nbsp;Italien \u2022 SERB = Serbe\r\nSuperviseur : Personne qui a refait une ou plusieurs fois les cours et a d\u00e9montr\u00e9 ses comp\u00e9tences.&nbsp;<\/pre>\n<p>&nbsp;<\/p>\n<p>&nbsp;<\/p>\n","protected":false},"excerpt":{"rendered":"<p>Retrouvez les noms et contacts de nos ma\u00eetre-praticiens dipl\u00f4m\u00e9(e)s en Hypnose Humaniste et Th\u00e9rapie symbolique avanc\u00e9e par l&rsquo;ILHH. Veuillez remplacer le \u00ab\u00a0at\u00a0\u00bb [&hellip;]<\/p>\n","protected":false},"author":1,"featured_media":0,"parent":0,"menu_order":0,"comment_status":"closed","ping_status":"closed","template":"","meta":{"ngg_post_thumbnail":0,"footnotes":""},"class_list":["post-448","page","type-page","status-publish","hentry"],"yoast_head":"<!-- This site is optimized with the Yoast SEO plugin v27.4 - https:\/\/yoast.com\/product\/yoast-seo-wordpress\/ -->\n<title>Nos Praticiens - ILHH<\/title>\n<meta name=\"description\" content=\"Cette formation va vous permettre de d\u00e9velopper votre puissance dans la compr\u00e9hension hollistique de l&#039;\u00eatre humain, de ce qui cr\u00e9e ses mal-\u00eatres, sa m\u00e9moire cellulaire, l&#039;\u00e9pig\u00e9n\u00e9tique ainsi que l&#039;outil phare utilis\u00e9 pour le lib\u00e9rer, l&#039;Hypnose Humaniste, seule hypnose consciente travaillant en Grande Conscience, sans aucune contre-indication mais plein de b\u00e9n\u00e9fices\" \/>\n<meta name=\"robots\" content=\"index, follow, max-snippet:-1, max-image-preview:large, max-video-preview:-1\" \/>\n<link rel=\"canonical\" href=\"https:\/\/www.ilhh.lu\/?page_id=448\" \/>\n<meta property=\"og:locale\" content=\"fr_FR\" \/>\n<meta property=\"og:type\" content=\"article\" \/>\n<meta property=\"og:title\" content=\"Nos Praticiens - ILHH\" \/>\n<meta property=\"og:description\" content=\"Cette formation va vous permettre de d\u00e9velopper votre puissance dans la compr\u00e9hension hollistique de l&#039;\u00eatre humain, de ce qui cr\u00e9e ses mal-\u00eatres, sa m\u00e9moire cellulaire, l&#039;\u00e9pig\u00e9n\u00e9tique ainsi que l&#039;outil phare utilis\u00e9 pour le lib\u00e9rer, l&#039;Hypnose Humaniste, seule hypnose consciente travaillant en Grande Conscience, sans aucune contre-indication mais plein de b\u00e9n\u00e9fices\" \/>\n<meta property=\"og:url\" content=\"https:\/\/www.ilhh.lu\/?page_id=448\" \/>\n<meta property=\"og:site_name\" content=\"ILHH\" \/>\n<meta property=\"article:publisher\" content=\"http:\/\/www.fb.com\/ILHH\" \/>\n<meta property=\"article:modified_time\" content=\"2019-12-17T07:05:01+00:00\" \/>\n<meta name=\"twitter:card\" content=\"summary_large_image\" \/>\n<meta name=\"twitter:site\" content=\"@ilhh_lu\" \/>\n<meta name=\"twitter:label1\" content=\"Dur\u00e9e de lecture estim\u00e9e\" \/>\n\t<meta name=\"twitter:data1\" content=\"1 minute\" \/>\n<script type=\"application\/ld+json\" class=\"yoast-schema-graph\">{\"@context\":\"https:\\\/\\\/schema.org\",\"@graph\":[{\"@type\":\"WebPage\",\"@id\":\"https:\\\/\\\/www.ilhh.lu\\\/?page_id=448\",\"url\":\"https:\\\/\\\/www.ilhh.lu\\\/?page_id=448\",\"name\":\"Nos Praticiens - ILHH\",\"isPartOf\":{\"@id\":\"https:\\\/\\\/www.ilhh.lu\\\/#website\"},\"datePublished\":\"2016-06-20T11:34:55+00:00\",\"dateModified\":\"2019-12-17T07:05:01+00:00\",\"description\":\"Cette formation va vous permettre de d\u00e9velopper votre puissance dans la compr\u00e9hension hollistique de l'\u00eatre humain, de ce qui cr\u00e9e ses mal-\u00eatres, sa m\u00e9moire cellulaire, l'\u00e9pig\u00e9n\u00e9tique ainsi que l'outil phare utilis\u00e9 pour le lib\u00e9rer, l'Hypnose Humaniste, seule hypnose consciente travaillant en Grande Conscience, sans aucune contre-indication mais plein de b\u00e9n\u00e9fices\",\"breadcrumb\":{\"@id\":\"https:\\\/\\\/www.ilhh.lu\\\/?page_id=448#breadcrumb\"},\"inLanguage\":\"fr-FR\",\"potentialAction\":[{\"@type\":\"ReadAction\",\"target\":[\"https:\\\/\\\/www.ilhh.lu\\\/?page_id=448\"]}]},{\"@type\":\"BreadcrumbList\",\"@id\":\"https:\\\/\\\/www.ilhh.lu\\\/?page_id=448#breadcrumb\",\"itemListElement\":[{\"@type\":\"ListItem\",\"position\":1,\"name\":\"Accueil\",\"item\":\"https:\\\/\\\/www.ilhh.lu\\\/\"},{\"@type\":\"ListItem\",\"position\":2,\"name\":\"Nos Praticiens\"}]},{\"@type\":\"WebSite\",\"@id\":\"https:\\\/\\\/www.ilhh.lu\\\/#website\",\"url\":\"https:\\\/\\\/www.ilhh.lu\\\/\",\"name\":\"ILHH\",\"description\":\"the symbolic work\",\"publisher\":{\"@id\":\"https:\\\/\\\/www.ilhh.lu\\\/#organization\"},\"potentialAction\":[{\"@type\":\"SearchAction\",\"target\":{\"@type\":\"EntryPoint\",\"urlTemplate\":\"https:\\\/\\\/www.ilhh.lu\\\/?s={search_term_string}\"},\"query-input\":{\"@type\":\"PropertyValueSpecification\",\"valueRequired\":true,\"valueName\":\"search_term_string\"}}],\"inLanguage\":\"fr-FR\"},{\"@type\":\"Organization\",\"@id\":\"https:\\\/\\\/www.ilhh.lu\\\/#organization\",\"name\":\"Institut Luxembourgeois d'Hypnose Humaniste\",\"url\":\"https:\\\/\\\/www.ilhh.lu\\\/\",\"logo\":{\"@type\":\"ImageObject\",\"inLanguage\":\"fr-FR\",\"@id\":\"https:\\\/\\\/www.ilhh.lu\\\/#\\\/schema\\\/logo\\\/image\\\/\",\"url\":\"https:\\\/\\\/www.ilhh.lu\\\/wp-content\\\/uploads\\\/2016\\\/05\\\/Logo-ILHH-v1.0.png\",\"contentUrl\":\"https:\\\/\\\/www.ilhh.lu\\\/wp-content\\\/uploads\\\/2016\\\/05\\\/Logo-ILHH-v1.0.png\",\"width\":818,\"height\":953,\"caption\":\"Institut Luxembourgeois d'Hypnose Humaniste\"},\"image\":{\"@id\":\"https:\\\/\\\/www.ilhh.lu\\\/#\\\/schema\\\/logo\\\/image\\\/\"},\"sameAs\":[\"http:\\\/\\\/www.fb.com\\\/ILHH\",\"https:\\\/\\\/x.com\\\/ilhh_lu\"]}]}<\/script>\n<!-- \/ Yoast SEO plugin. -->","yoast_head_json":{"title":"Nos Praticiens - ILHH","description":"Cette formation va vous permettre de d\u00e9velopper votre puissance dans la compr\u00e9hension hollistique de l'\u00eatre humain, de ce qui cr\u00e9e ses mal-\u00eatres, sa m\u00e9moire cellulaire, l'\u00e9pig\u00e9n\u00e9tique ainsi que l'outil phare utilis\u00e9 pour le lib\u00e9rer, l'Hypnose Humaniste, seule hypnose consciente travaillant en Grande Conscience, sans aucune contre-indication mais plein de b\u00e9n\u00e9fices","robots":{"index":"index","follow":"follow","max-snippet":"max-snippet:-1","max-image-preview":"max-image-preview:large","max-video-preview":"max-video-preview:-1"},"canonical":"https:\/\/www.ilhh.lu\/?page_id=448","og_locale":"fr_FR","og_type":"article","og_title":"Nos Praticiens - ILHH","og_description":"Cette formation va vous permettre de d\u00e9velopper votre puissance dans la compr\u00e9hension hollistique de l'\u00eatre humain, de ce qui cr\u00e9e ses mal-\u00eatres, sa m\u00e9moire cellulaire, l'\u00e9pig\u00e9n\u00e9tique ainsi que l'outil phare utilis\u00e9 pour le lib\u00e9rer, l'Hypnose Humaniste, seule hypnose consciente travaillant en Grande Conscience, sans aucune contre-indication mais plein de b\u00e9n\u00e9fices","og_url":"https:\/\/www.ilhh.lu\/?page_id=448","og_site_name":"ILHH","article_publisher":"http:\/\/www.fb.com\/ILHH","article_modified_time":"2019-12-17T07:05:01+00:00","twitter_card":"summary_large_image","twitter_site":"@ilhh_lu","twitter_misc":{"Dur\u00e9e de lecture estim\u00e9e":"1 minute"},"schema":{"@context":"https:\/\/schema.org","@graph":[{"@type":"WebPage","@id":"https:\/\/www.ilhh.lu\/?page_id=448","url":"https:\/\/www.ilhh.lu\/?page_id=448","name":"Nos Praticiens - ILHH","isPartOf":{"@id":"https:\/\/www.ilhh.lu\/#website"},"datePublished":"2016-06-20T11:34:55+00:00","dateModified":"2019-12-17T07:05:01+00:00","description":"Cette formation va vous permettre de d\u00e9velopper votre puissance dans la compr\u00e9hension hollistique de l'\u00eatre humain, de ce qui cr\u00e9e ses mal-\u00eatres, sa m\u00e9moire cellulaire, l'\u00e9pig\u00e9n\u00e9tique ainsi que l'outil phare utilis\u00e9 pour le lib\u00e9rer, l'Hypnose Humaniste, seule hypnose consciente travaillant en Grande Conscience, sans aucune contre-indication mais plein de b\u00e9n\u00e9fices","breadcrumb":{"@id":"https:\/\/www.ilhh.lu\/?page_id=448#breadcrumb"},"inLanguage":"fr-FR","potentialAction":[{"@type":"ReadAction","target":["https:\/\/www.ilhh.lu\/?page_id=448"]}]},{"@type":"BreadcrumbList","@id":"https:\/\/www.ilhh.lu\/?page_id=448#breadcrumb","itemListElement":[{"@type":"ListItem","position":1,"name":"Accueil","item":"https:\/\/www.ilhh.lu\/"},{"@type":"ListItem","position":2,"name":"Nos Praticiens"}]},{"@type":"WebSite","@id":"https:\/\/www.ilhh.lu\/#website","url":"https:\/\/www.ilhh.lu\/","name":"ILHH","description":"the symbolic work","publisher":{"@id":"https:\/\/www.ilhh.lu\/#organization"},"potentialAction":[{"@type":"SearchAction","target":{"@type":"EntryPoint","urlTemplate":"https:\/\/www.ilhh.lu\/?s={search_term_string}"},"query-input":{"@type":"PropertyValueSpecification","valueRequired":true,"valueName":"search_term_string"}}],"inLanguage":"fr-FR"},{"@type":"Organization","@id":"https:\/\/www.ilhh.lu\/#organization","name":"Institut Luxembourgeois d'Hypnose Humaniste","url":"https:\/\/www.ilhh.lu\/","logo":{"@type":"ImageObject","inLanguage":"fr-FR","@id":"https:\/\/www.ilhh.lu\/#\/schema\/logo\/image\/","url":"https:\/\/www.ilhh.lu\/wp-content\/uploads\/2016\/05\/Logo-ILHH-v1.0.png","contentUrl":"https:\/\/www.ilhh.lu\/wp-content\/uploads\/2016\/05\/Logo-ILHH-v1.0.png","width":818,"height":953,"caption":"Institut Luxembourgeois d'Hypnose Humaniste"},"image":{"@id":"https:\/\/www.ilhh.lu\/#\/schema\/logo\/image\/"},"sameAs":["http:\/\/www.fb.com\/ILHH","https:\/\/x.com\/ilhh_lu"]}]}},"jetpack_sharing_enabled":true,"_links":{"self":[{"href":"https:\/\/www.ilhh.lu\/index.php?rest_route=\/wp\/v2\/pages\/448","targetHints":{"allow":["GET"]}}],"collection":[{"href":"https:\/\/www.ilhh.lu\/index.php?rest_route=\/wp\/v2\/pages"}],"about":[{"href":"https:\/\/www.ilhh.lu\/index.php?rest_route=\/wp\/v2\/types\/page"}],"author":[{"embeddable":true,"href":"https:\/\/www.ilhh.lu\/index.php?rest_route=\/wp\/v2\/users\/1"}],"replies":[{"embeddable":true,"href":"https:\/\/www.ilhh.lu\/index.php?rest_route=%2Fwp%2Fv2%2Fcomments&post=448"}],"version-history":[{"count":33,"href":"https:\/\/www.ilhh.lu\/index.php?rest_route=\/wp\/v2\/pages\/448\/revisions"}],"predecessor-version":[{"id":1718,"href":"https:\/\/www.ilhh.lu\/index.php?rest_route=\/wp\/v2\/pages\/448\/revisions\/1718"}],"wp:attachment":[{"href":"https:\/\/www.ilhh.lu\/index.php?rest_route=%2Fwp%2Fv2%2Fmedia&parent=448"}],"curies":[{"name":"wp","href":"https:\/\/api.w.org\/{rel}","templated":true}]}}